{"id":4,"date":"2019-09-05T08:43:54","date_gmt":"2019-09-05T08:43:54","guid":{"rendered":"http:\/\/www.kcbdf.com.br\/marcelo\/?p=4"},"modified":"2024-09-27T18:25:50","modified_gmt":"2024-09-27T18:25:50","slug":"quem-somos","status":"publish","type":"page","link":"https:\/\/www.kcbdf.com.br\/novo\/quem-somos\/","title":{"rendered":"Quem somos"},"content":{"rendered":"<h1>Quem somos<\/h1>\n<h2>O Kennel Clube de Bras\u00edlia, tamb\u00e9m designado pela Sigla KCB, foi fundado em 1\u00ba de novembro de 1973 e \u00e9 uma associa\u00e7\u00e3o sem fins econ\u00f4micos.<\/h2>\n<h3>O KCB tem por finalidade:<\/h3>\n<ul>\n<li>\n<p><img decoding=\"async\" src=\"\/marcelo\/wp-content\/uploads\/yootheme\/icon-check.svg\" alt=\"\"><\/p>\n<div>estudar, fomentar pesquisas, desenvolver, divulgar, orientar e estimular a cria\u00e7\u00e3o de c\u00e3es de ra\u00e7a pura, conforme os padr\u00f5es estabelecidos pela Confedera\u00e7\u00e3o Brasileira de Cinofilia \u2013 CBKC, preservando sua hist\u00f3ria e visando ao aprimoramento das aptid\u00f5es caracter\u00edsticas de cada ra\u00e7a, no \u00e2mbito do Distrito Federal;<\/div>\n<\/li>\n<li>\n<p><img decoding=\"async\" src=\"\/marcelo\/wp-content\/uploads\/yootheme\/icon-check.svg\" alt=\"\"><\/p>\n<div>efetuar registros geneal\u00f3gicos de c\u00e3es de ra\u00e7a pura, mediante conv\u00eanio com a Confedera\u00e7\u00e3o Brasileira de Cinofilia \u2013 CBKC;<\/div>\n<\/li>\n<li>\n<p><img decoding=\"async\" src=\"\/marcelo\/wp-content\/uploads\/yootheme\/icon-check.svg\" alt=\"\"><\/p>\n<div>divulgar estudos e informa\u00e7\u00f5es t\u00e9cnicas e administrativas dos atos e decis\u00f5es da Confedera\u00e7\u00e3o Brasileira de Cinofilia -CBKC;<\/div>\n<\/li>\n<li>\n<p><img decoding=\"async\" src=\"\/marcelo\/wp-content\/uploads\/yootheme\/icon-check.svg\" alt=\"\"><\/p>\n<div>realizar exposi\u00e7\u00f5es de todas as ra\u00e7as, exposi\u00e7\u00f5es especializadas de uma ou mais ra\u00e7as, provas de trabalho, obedi\u00eancia e campo;\n<\/div>\n<\/li>\n<li>\n<p><img decoding=\"async\" src=\"\/marcelo\/wp-content\/uploads\/yootheme\/icon-check.svg\" alt=\"\"><\/p>\n<div>\n<p>conceder t\u00edtulos regionais a c\u00e3es de ra\u00e7a pura, nos termos dos regulamentos;<\/p>\n<\/div>\n<\/li>\n<li>\n<p><img decoding=\"async\" src=\"\/marcelo\/wp-content\/uploads\/yootheme\/icon-check.svg\" alt=\"\"><\/p>\n<div>incentivar e promover o interc\u00e2mbio entre os associados, criadores e\/ou propriet\u00e1rios de c\u00e3es de ra\u00e7a pura e difundir seus interesses, direitos e obriga\u00e7\u00f5es, atrav\u00e9s de exposi\u00e7\u00f5es, cursos, semin\u00e1rios t\u00e9cnicos e cient\u00edficos e demais eventos de natureza educacional, cultural e social;\n<\/div>\n<\/li>\n<li>\n<p><img decoding=\"async\" src=\"\/marcelo\/wp-content\/uploads\/yootheme\/icon-check.svg\" alt=\"\"><\/p>\n<div>promover o aperfei\u00e7oamento do conhecimento cin\u00f3filo atrav\u00e9s de cursos, semin\u00e1rios, palestras, conven\u00e7\u00f5es, exposi\u00e7\u00f5es, eventos, encontros e interc\u00e2mbios de quaisquer naturezas, especialmente os de ensino, pesquisa e extens\u00e3o.\n<\/div>\n<\/li>\n<\/ul>\n<h3>O KCB \u00e9 constitu\u00eddo por n\u00famero ilimitado de associados, que ser\u00e3o admitidos, a ju\u00edzo do Conselho Deliberativo, dentre pessoas id\u00f4neas.<\/h3>\n<ul>\n<li>\n<h4>Fundadores<\/h4>\n<p>Os s\u00f3cios contribuintes que assinaram a Ata de Assembl\u00e9ia Geral de Funda\u00e7\u00e3o do KCB em 1\u00ba de novembro de 1973;<\/p>\n<p><a href=\"\/marcelo\/index.php?page_id=8\">See Position<\/a><\/p>\n<\/li>\n<li>\n<h4>Honor\u00e1rios<\/h4>\n<p>Aqueles que se fizerem credores dessa homenagem por servi\u00e7os de notoriedade prestados ao KCB, por proposta do Conselho Administrativo, homologada pelo Conselho Deliberativo, \u00e0 Assembl\u00e9ia Geral;<\/p>\n<p><a href=\"\/marcelo\/index.php?page_id=8\">See Position<\/a><\/p>\n<\/li>\n<li>\n<h4>Benem\u00e9ritos<\/h4>\n<p>Aqueles aos quais a Assembleia Geral conferir esta distin\u00e7\u00e3o, espontaneamente ou por proposta do Conselho Administrativo homologada pelo Conselho Deliberativo, em virtude dos relevantes servi\u00e7os prestados ao KCB;<\/p>\n<p><a href=\"\/marcelo\/index.php?page_id=8\">See Position<\/a><\/p>\n<\/li>\n<li>\n<h4>Contribuintes<\/h4>\n<p>Aqueles que, ao ingressarem, tenham sido propostos por associado em pleno gozo de seus direitos sociais, forem aceitos pelo Conselho Deliberativo e quitarem as contribui\u00e7\u00f5es associativas.<\/p>\n<p><a href=\"\/marcelo\/index.php?page_id=8\">See Position<\/a><\/p>\n<\/li>\n<\/ul>\n<h3>Direitos e deveres dos associados<\/h3>\n<h4>S\u00e3o direitos dos associados quites com suas obriga\u00e7\u00f5es sociais:<\/p>\n<\/h4>\n<div>\n<ol>\n<li>votar e ser votado para os cargos eletivos, desde que atendidos os requisitos estabelecidos no estatuto;<\/li>\n<li>tomar parte nas Assembleias Gerais;<\/li>\n<li>frequentar a sede, as reuni\u00f5es ordin\u00e1rias dos conselhos administrativo e deliberativo, os locais de eventos, exposi\u00e7\u00f5es e treinamento, bem como participar de todas as atividades educacionais, sociais e culturais promovidas pelo KCB, atendidos, no caso destas, os requisitos estabelecidos para tal fim;<\/li>\n<li>usufruir de todos os benef\u00edcios e facilidades que o KCB realizar, criar e mantiver.<\/li>\n<li>fazer-se acompanhar, nos locais em que se realizarem atividades do KCB, por pessoa de sua fam\u00edlia ou outra que julgar conveniente;<\/li>\n<li>propor admiss\u00e3o de novos s\u00f3cios, atendidos os requisitos estabelecidos no Estatuto.<\/li>\n<\/ol>\n<\/div>\n<h4>S\u00e3o deveres dos associados do KCB:<\/p>\n<\/h4>\n<div>\n<ol>\n<li>cumprir as disposi\u00e7\u00f5es estatut\u00e1rias e regimentais;<\/li>\n<li>interessar-se pelo progresso do KCB e defender o seu conceito;<\/li>\n<li>manter-se em dia com as contribui\u00e7\u00f5es associativas devidas ao KCB;<\/li>\n<li>abster-se, nos locais de atividade do KCB, de qualquer manifesta\u00e7\u00e3o de car\u00e1ter pol\u00edtico partid\u00e1rio, religioso ou relativo a quest\u00e3o de ra\u00e7a ou nacionalidade;<\/li>\n<li>zelar pela conserva\u00e7\u00e3o dos bens do KCB, ou de entidades em cujas instala\u00e7\u00f5es se realizarem atividades desenvolvidas pelo KCB;<\/li>\n<li>pautar seu comportamento, em assuntos de Cinofilia ou em locais e atividades de responsabilidade do KCB, pela \u00e9tica, urbanidade, decoro e probidade;<\/li>\n<\/ol>\n<\/div>\n<h2>\u201cO nosso pedigre \u00e9 o \u00fanico com reconhecimento internacional no mundo todo.\u201d<\/h2>\n<div>Veja algumas vantagens que s\u00e3o exclusivas para os s\u00f3cios do KCB com anuidade em dia<\/div>\n<p>\n    <a href=\"\/marcelo\/wp-content\/uploads\/2024\/09\/proposta-socio.pdf\">Seja S\u00f3cio<\/a>\n<\/p>\n<p><!--more--><br \/>\n<!-- {\"name\":\"Services\",\"type\":\"layout\",\"children\":[{\"name\":\"Hero\",\"type\":\"section\",\"props\":{\"header_transparent\":false,\"header_transparent_noplaceholder\":false,\"image\":\"wp-content\\\/uploads\\\/2024\\\/09\\\/quem-somos.jpg\",\"image_position\":\"top-center\",\"image_size\":\"cover\",\"padding\":\"large\",\"padding_remove_top\":false,\"style\":\"default\",\"text_color\":\"light\",\"title_breakpoint\":\"xl\",\"title_position\":\"top-left\",\"title_rotation\":\"left\",\"vertical_align\":\"\",\"width\":\"expand\",\"width_expand\":\"right\"},\"children\":[{\"type\":\"row\",\"children\":[{\"type\":\"column\",\"props\":{\"css\":\"@media (min-width: 960px) {\\n    .el-column .uk-tile { padding-left: 0; }\\n}\",\"image_position\":\"center-center\",\"padding\":\"small\",\"position_sticky_breakpoint\":\"m\",\"vertical_align\":\"middle\",\"width_medium\":\"1-2\"},\"children\":[{\"type\":\"headline\",\"props\":{\"content\":\"Quem somos\",\"title_element\":\"h1\",\"title_font_family\":\"secondary\"}},{\"type\":\"headline\",\"props\":{\"content\":\"O Kennel Clube de Bras\\u00edlia, tamb\\u00e9m designado pela Sigla KCB, foi fundado em 1\\u00ba de novembro de 1973 e \\u00e9 uma associa\\u00e7\\u00e3o sem fins econ\\u00f4micos.\",\"title_element\":\"h2\"}}]},{\"type\":\"column\",\"props\":{\"image_position\":\"center-center\",\"position_sticky_breakpoint\":\"m\",\"width_medium\":\"1-2\"}}],\"props\":{\"column_gap\":\"large\",\"layout\":\"1-2,1-2\",\"row_gap\":\"collapse\",\"width\":\"large\",\"width_expand\":\"right\"}}]},{\"type\":\"section\",\"props\":{\"image_position\":\"center-center\",\"padding_remove_top\":false,\"style\":\"default\",\"title_breakpoint\":\"xl\",\"title_position\":\"top-left\",\"title_rotation\":\"left\",\"vertical_align\":\"\",\"width\":\"expand\"},\"children\":[{\"type\":\"row\",\"children\":[{\"type\":\"column\",\"props\":{\"image_position\":\"center-center\",\"position_sticky_breakpoint\":\"m\"},\"children\":[{\"type\":\"headline\",\"props\":{\"content\":\"O KCB tem por finalidade:\",\"margin\":\"remove-vertical\",\"text_align\":\"left\",\"text_align_breakpoint\":\"m\",\"text_align_fallback\":\"center\",\"title_element\":\"h3\"}},{\"type\":\"grid\",\"props\":{\"content_column_breakpoint\":\"m\",\"filter_align\":\"left\",\"filter_all\":true,\"filter_grid_breakpoint\":\"m\",\"filter_grid_width\":\"auto\",\"filter_position\":\"top\",\"filter_style\":\"tab\",\"grid_column_gap\":\"large\",\"grid_default\":\"1\",\"grid_medium\":\"\",\"grid_row_gap\":\"medium\",\"icon_width\":80,\"image_align\":\"left\",\"image_grid_breakpoint\":\"s\",\"image_grid_column_gap\":\"medium\",\"image_grid_row_gap\":\"small\",\"image_grid_width\":\"auto\",\"image_height\":\"36\",\"image_svg_color\":\"emphasis\",\"image_svg_inline\":true,\"image_width\":\"36\",\"item_animation\":true,\"link_style\":\"default\",\"link_text\":\"Read more\",\"margin\":\"large\",\"margin_remove_top\":false,\"meta_align\":\"below-title\",\"meta_element\":\"div\",\"meta_style\":\"text-meta\",\"parallax_easing\":\"1\",\"position\":\"relative\",\"position_z_index\":\"1\",\"show_content\":true,\"show_image\":true,\"show_link\":true,\"show_meta\":true,\"show_title\":true,\"text_align\":\"left\",\"text_align_breakpoint\":\"s\",\"text_align_fallback\":\"center\",\"title_align\":\"top\",\"title_element\":\"h3\",\"title_grid_breakpoint\":\"m\",\"title_grid_width\":\"1-2\",\"title_hover_style\":\"reset\",\"title_style\":\"h4\"},\"children\":[{\"type\":\"grid_item\",\"props\":{\"content\":\"estudar, fomentar pesquisas, desenvolver, divulgar, orientar e estimular a cria\\u00e7\\u00e3o de c\\u00e3es de ra\\u00e7a pura, conforme os padr\\u00f5es estabelecidos pela Confedera\\u00e7\\u00e3o Brasileira de Cinofilia \\u2013 CBKC, preservando sua hist\\u00f3ria e visando ao aprimoramento das aptid\\u00f5es caracter\\u00edsticas de cada ra\\u00e7a, no \\u00e2mbito do Distrito Federal;\",\"image\":\"wp-content\\\/uploads\\\/yootheme\\\/icon-check.svg\",\"title\":\"\"}},{\"type\":\"grid_item\",\"props\":{\"content\":\"efetuar registros geneal\\u00f3gicos de c\\u00e3es de ra\\u00e7a pura, mediante conv\\u00eanio com a Confedera\\u00e7\\u00e3o Brasileira de Cinofilia \\u2013 CBKC;\",\"image\":\"wp-content\\\/uploads\\\/yootheme\\\/icon-check.svg\",\"title\":\"\"}},{\"type\":\"grid_item\",\"props\":{\"content\":\"divulgar estudos e informa\\u00e7\\u00f5es t\\u00e9cnicas e administrativas dos atos e decis\\u00f5es da Confedera\\u00e7\\u00e3o Brasileira de Cinofilia -CBKC;\",\"image\":\"wp-content\\\/uploads\\\/yootheme\\\/icon-check.svg\",\"title\":\"\"}},{\"type\":\"grid_item\",\"props\":{\"content\":\"realizar exposi\\u00e7\\u00f5es de todas as ra\\u00e7as, exposi\\u00e7\\u00f5es especializadas de uma ou mais ra\\u00e7as, provas de trabalho, obedi\\u00eancia e campo;\\n\",\"image\":\"wp-content\\\/uploads\\\/yootheme\\\/icon-check.svg\",\"title\":\"\"}},{\"type\":\"grid_item\",\"props\":{\"content\":\"\n\n<p>conceder t\\u00edtulos regionais a c\\u00e3es de ra\\u00e7a pura, nos termos dos regulamentos;<\\\/p>\",\"image\":\"wp-content\\\/uploads\\\/yootheme\\\/icon-check.svg\",\"title\":\"\"}},{\"type\":\"grid_item\",\"props\":{\"content\":\"incentivar e promover o interc\\u00e2mbio entre os associados, criadores e\\\/ou propriet\\u00e1rios de c\\u00e3es de ra\\u00e7a pura e difundir seus interesses, direitos e obriga\\u00e7\\u00f5es, atrav\\u00e9s de exposi\\u00e7\\u00f5es, cursos, semin\\u00e1rios t\\u00e9cnicos e cient\\u00edficos e demais eventos de natureza educacional, cultural e social;\\n\",\"image\":\"wp-content\\\/uploads\\\/yootheme\\\/icon-check.svg\",\"title\":\"\"}},{\"type\":\"grid_item\",\"props\":{\"content\":\"promover o aperfei\\u00e7oamento do conhecimento cin\\u00f3filo atrav\\u00e9s de cursos, semin\\u00e1rios, palestras, conven\\u00e7\\u00f5es, exposi\\u00e7\\u00f5es, eventos, encontros e interc\\u00e2mbios de quaisquer naturezas, especialmente os de ensino, pesquisa e extens\\u00e3o.\\n\",\"image\":\"wp-content\\\/uploads\\\/yootheme\\\/icon-check.svg\",\"title\":\"\"}}]}]}],\"props\":{\"column_gap\":\"large\",\"margin_remove_bottom\":false,\"margin_remove_top\":false,\"row_gap\":\"large\",\"width\":\"large\"}}],\"name\":\"Finalidades\"},{\"type\":\"section\",\"props\":{\"image_position\":\"center-center\",\"padding_remove_bottom\":false,\"padding_remove_top\":false,\"style\":\"primary\",\"title_breakpoint\":\"xl\",\"title_position\":\"top-left\",\"title_rotation\":\"left\",\"vertical_align\":\"\",\"width\":\"expand\"},\"children\":[{\"type\":\"row\",\"props\":{\"column_gap\":\"large\",\"row_gap\":\"large\",\"width\":\"large\"},\"children\":[{\"type\":\"column\",\"props\":{\"image_position\":\"center-center\",\"position_sticky_breakpoint\":\"m\"},\"children\":[{\"type\":\"headline\",\"props\":{\"content\":\"O KCB \\u00e9 constitu\\u00eddo por n\\u00famero ilimitado de associados, que ser\\u00e3o admitidos, a ju\\u00edzo do Conselho Deliberativo, dentre pessoas id\\u00f4neas.\",\"margin\":\"medium\",\"text_align\":\"left\",\"text_align_breakpoint\":\"m\",\"text_align_fallback\":\"center\",\"title_element\":\"h3\"}},{\"type\":\"grid\",\"props\":{\"content_column_breakpoint\":\"m\",\"css\":\"@media (min-width: 640px) {\\n\\t.el-item > .uk-grid > div:last-child { text-align: right; }\\n}\",\"filter_align\":\"left\",\"filter_all\":true,\"filter_grid_breakpoint\":\"m\",\"filter_grid_width\":\"auto\",\"filter_position\":\"top\",\"filter_style\":\"tab\",\"grid_default\":\"2\",\"grid_divider\":true,\"grid_medium\":\"\",\"grid_row_gap\":\"small\",\"icon_width\":80,\"image_align\":\"top\",\"image_grid_breakpoint\":\"m\",\"image_grid_width\":\"1-2\",\"image_svg_color\":\"emphasis\",\"item_animation\":true,\"link_style\":\"secondary\",\"link_text\":\"See Position\",\"margin\":\"default\",\"meta_align\":\"below-title\",\"meta_element\":\"div\",\"meta_margin\":\"remove\",\"meta_style\":\"\",\"parallax_easing\":\"1\",\"show_content\":true,\"show_image\":true,\"show_link\":false,\"show_meta\":true,\"show_title\":true,\"text_align\":\"left\",\"text_align_breakpoint\":\"s\",\"text_align_fallback\":\"center\",\"title_align\":\"left\",\"title_element\":\"h4\",\"title_grid_breakpoint\":\"s\",\"title_grid_width\":\"auto\",\"title_hover_style\":\"reset\"},\"children\":[{\"type\":\"grid_item\",\"props\":{\"content\":\"\",\"item_element\":\"article\",\"link\":\"index.php?page_id=8\",\"meta\":\"Os s\\u00f3cios contribuintes que assinaram a Ata de Assembl\\u00e9ia Geral de Funda\\u00e7\\u00e3o do KCB em 1\\u00ba de novembro de 1973;\",\"title\":\"Fundadores\"}},{\"type\":\"grid_item\",\"props\":{\"content\":\"\",\"item_element\":\"article\",\"link\":\"index.php?page_id=8\",\"meta\":\"Aqueles que se fizerem credores dessa homenagem por servi\\u00e7os de notoriedade prestados ao KCB, por proposta do Conselho Administrativo, homologada pelo Conselho Deliberativo, \\u00e0 Assembl\\u00e9ia Geral;\",\"title\":\"Honor\\u00e1rios\"}},{\"type\":\"grid_item\",\"props\":{\"content\":\"\",\"item_element\":\"article\",\"link\":\"index.php?page_id=8\",\"meta\":\"Aqueles aos quais a Assembleia Geral conferir esta distin\\u00e7\\u00e3o, espontaneamente ou por proposta do Conselho Administrativo homologada pelo Conselho Deliberativo, em virtude dos relevantes servi\\u00e7os prestados ao KCB;\",\"title\":\"Benem\\u00e9ritos\"}},{\"type\":\"grid_item\",\"props\":{\"content\":\"\",\"item_element\":\"article\",\"link\":\"index.php?page_id=8\",\"meta\":\"Aqueles que, ao ingressarem, tenham sido propostos por associado em pleno gozo de seus direitos sociais, forem aceitos pelo Conselho Deliberativo e quitarem as contribui\\u00e7\\u00f5es associativas.\",\"title\":\"Contribuintes\"}}]}]}]}],\"name\":\"Associados\"},{\"type\":\"section\",\"props\":{\"image_position\":\"center-center\",\"padding_remove_top\":false,\"style\":\"default\",\"title_breakpoint\":\"xl\",\"title_position\":\"top-left\",\"title_rotation\":\"left\",\"vertical_align\":\"\",\"width\":\"expand\"},\"children\":[{\"type\":\"row\",\"children\":[{\"type\":\"column\",\"props\":{\"image_position\":\"center-center\",\"position_sticky_breakpoint\":\"m\"},\"children\":[{\"type\":\"headline\",\"props\":{\"content\":\"Direitos e deveres dos associados\",\"margin\":\"medium\",\"text_align\":\"left\",\"text_align_breakpoint\":\"m\",\"text_align_fallback\":\"center\",\"title_element\":\"h3\"}}]}]},{\"type\":\"row\",\"props\":{\"column_gap\":\"large\",\"divider\":true,\"layout\":\"1-2,1-2\",\"row_gap\":\"large\",\"width\":\"large\"},\"children\":[{\"type\":\"column\",\"props\":{\"image_position\":\"center-center\",\"position_sticky_breakpoint\":\"m\",\"width_medium\":\"1-2\"},\"children\":[{\"type\":\"headline\",\"props\":{\"content\":\"S\\u00e3o direitos dos associados quites com suas obriga\\u00e7\\u00f5es sociais:\\n\\n\",\"margin\":\"medium\",\"text_align\":\"left\",\"text_align_breakpoint\":\"m\",\"text_align_fallback\":\"center\",\"title_element\":\"h4\"}},{\"type\":\"text\",\"props\":{\"column_breakpoint\":\"m\",\"content\":\"\n\n<ol>\\n\n\n<li>votar e ser votado para os cargos eletivos, desde que atendidos os requisitos estabelecidos no estatuto;<\\\/li>\\n\n\n<li>tomar parte nas Assembleias Gerais;<\\\/li>\\n\n\n<li>frequentar a sede, as reuni\\u00f5es ordin\\u00e1rias dos conselhos administrativo e deliberativo, os locais de eventos, exposi\\u00e7\\u00f5es e treinamento, bem como participar de todas as atividades educacionais, sociais e culturais promovidas pelo KCB, atendidos, no caso destas, os requisitos estabelecidos para tal fim;<\\\/li>\\n\n\n<li>usufruir de todos os benef\\u00edcios e facilidades que o KCB realizar, criar e mantiver.<\\\/li>\\n\n\n<li>fazer-se acompanhar, nos locais em que se realizarem atividades do KCB, por pessoa de sua fam\\u00edlia ou outra que julgar conveniente;<\\\/li>\\n\n\n<li>propor admiss\\u00e3o de novos s\\u00f3cios, atendidos os requisitos estabelecidos no Estatuto.<\\\/li>\\n<\\\/ol>\",\"margin\":\"default\"}}]},{\"type\":\"column\",\"props\":{\"image_position\":\"center-center\",\"position_sticky_breakpoint\":\"m\",\"width_medium\":\"1-2\"},\"children\":[{\"type\":\"headline\",\"props\":{\"content\":\"S\\u00e3o deveres dos associados do KCB:\\n\\n\",\"margin\":\"medium\",\"text_align\":\"left\",\"text_align_breakpoint\":\"m\",\"text_align_fallback\":\"center\",\"title_element\":\"h4\"}},{\"type\":\"text\",\"props\":{\"column_breakpoint\":\"m\",\"content\":\"\n\n<ol>\\n\n\n<li>cumprir as disposi\\u00e7\\u00f5es estatut\\u00e1rias e regimentais;<\\\/li>\\n\n\n<li>interessar-se pelo progresso do KCB e defender o seu conceito;<\\\/li>\\n\n\n<li>manter-se em dia com as contribui\\u00e7\\u00f5es associativas devidas ao KCB;<\\\/li>\\n\n\n<li>abster-se, nos locais de atividade do KCB, de qualquer manifesta\\u00e7\\u00e3o de car\\u00e1ter pol\\u00edtico partid\\u00e1rio, religioso ou relativo a quest\\u00e3o de ra\\u00e7a ou nacionalidade;<\\\/li>\\n\n\n<li>zelar pela conserva\\u00e7\\u00e3o dos bens do KCB, ou de entidades em cujas instala\\u00e7\\u00f5es se realizarem atividades desenvolvidas pelo KCB;<\\\/li>\\n\n\n<li>pautar seu comportamento, em assuntos de Cinofilia ou em locais e atividades de responsabilidade do KCB, pela \\u00e9tica, urbanidade, decoro e probidade;<\\\/li>\\n<\\\/ol>\",\"margin\":\"default\"}}]}]}],\"name\":\"Direitos e deveres\"},{\"type\":\"section\",\"props\":{\"image\":\"wp-content\\\/uploads\\\/2024\\\/09\\\/seja-socio.jpg\",\"image_position\":\"center-center\",\"image_size\":\"cover\",\"image_width\":\"2560\",\"media_overlay\":\"rgba(0, 0, 0, 0.26)\",\"padding\":\"large\",\"style\":\"default\",\"text_color\":\"light\",\"title_breakpoint\":\"xl\",\"title_position\":\"top-left\",\"title_rotation\":\"left\",\"vertical_align\":\"\",\"width\":\"expand\"},\"children\":[{\"type\":\"row\",\"children\":[{\"type\":\"column\",\"props\":{\"image_position\":\"center-center\",\"position_sticky_breakpoint\":\"m\"},\"children\":[{\"type\":\"headline\",\"props\":{\"content\":\"\\u201cO nosso pedigre \\u00e9 o \\u00fanico com reconhecimento internacional no mundo todo.\\u201d\",\"maxwidth\":\"xlarge\",\"position\":\"relative\",\"position_z_index\":\"1\",\"text_align\":\"left\",\"text_align_breakpoint\":\"s\",\"text_align_fallback\":\"center\",\"title_element\":\"h2\",\"title_style\":\"h1\"}},{\"type\":\"text\",\"props\":{\"column_breakpoint\":\"m\",\"content\":\"Veja algumas vantagens que s\\u00e3o exclusivas para os s\\u00f3cios do KCB com anuidade em dia\",\"margin\":\"default\",\"maxwidth\":\"xlarge\",\"position\":\"relative\",\"position_z_index\":\"1\",\"text_align\":\"left\",\"text_align_breakpoint\":\"s\",\"text_align_fallback\":\"center\",\"text_color\":\"emphasis\",\"text_style\":\"lead\"}},{\"type\":\"button\",\"props\":{\"button_size\":\"large\",\"grid_column_gap\":\"small\",\"grid_row_gap\":\"small\",\"margin\":\"medium\",\"position\":\"relative\",\"position_z_index\":\"1\",\"text_align\":\"left\",\"text_align_breakpoint\":\"s\",\"text_align_fallback\":\"center\"},\"children\":[{\"type\":\"button_item\",\"props\":{\"button_style\":\"default\",\"content\":\"Seja S\\u00f3cio\",\"icon_align\":\"left\",\"link\":\"wp-content\\\/uploads\\\/2024\\\/09\\\/proposta-socio.pdf\"}}]}]}],\"props\":{\"width\":\"large\"}}],\"name\":\"Call to Action\",\"modified\":\"2021-07-28T09:57:19.987Z\"}],\"version\":\"4.4.5\"} --><\/p>\n","protected":false},"excerpt":{"rendered":"<p>Quem somos O Kennel Clube de Bras\u00edlia, tamb\u00e9m designado pela Sigla KCB, foi fundado em 1\u00ba de novembro de 1973 e \u00e9 uma associa\u00e7\u00e3o sem fins econ\u00f4micos. O KCB tem por finalidade: estudar, fomentar pesquisas, desenvolver, divulgar, orientar e estimular a cria\u00e7\u00e3o de c\u00e3es de ra\u00e7a pura, conforme os padr\u00f5es estabelecidos pela Confedera\u00e7\u00e3o Brasileira de [&hellip;]<\/p>\n","protected":false},"author":1,"featured_media":2037,"parent":0,"menu_order":7,"comment_status":"open","ping_status":"closed","template":"","meta":{"_acf_changed":false,"footnotes":""},"class_list":["post-4","page","type-page","status-publish","has-post-thumbnail","hentry"],"acf":[],"_links":{"self":[{"href":"https:\/\/www.kcbdf.com.br\/novo\/wp-json\/wp\/v2\/pages\/4","targetHints":{"allow":["GET"]}}],"collection":[{"href":"https:\/\/www.kcbdf.com.br\/novo\/wp-json\/wp\/v2\/pages"}],"about":[{"href":"https:\/\/www.kcbdf.com.br\/novo\/wp-json\/wp\/v2\/types\/page"}],"author":[{"embeddable":true,"href":"https:\/\/www.kcbdf.com.br\/novo\/wp-json\/wp\/v2\/users\/1"}],"replies":[{"embeddable":true,"href":"https:\/\/www.kcbdf.com.br\/novo\/wp-json\/wp\/v2\/comments?post=4"}],"version-history":[{"count":20,"href":"https:\/\/www.kcbdf.com.br\/novo\/wp-json\/wp\/v2\/pages\/4\/revisions"}],"predecessor-version":[{"id":3056,"href":"https:\/\/www.kcbdf.com.br\/novo\/wp-json\/wp\/v2\/pages\/4\/revisions\/3056"}],"wp:featuredmedia":[{"embeddable":true,"href":"https:\/\/www.kcbdf.com.br\/novo\/wp-json\/wp\/v2\/media\/2037"}],"wp:attachment":[{"href":"https:\/\/www.kcbdf.com.br\/novo\/wp-json\/wp\/v2\/media?parent=4"}],"curies":[{"name":"wp","href":"https:\/\/api.w.org\/{rel}","templated":true}]}}